ided by (1 + 0)*41 + -1.
38
Suppose 4*j - 237 + 25 = 0. Let n(x) = -2*x**2 + 68*x + 4. Let o be n(34). Suppose -5*i + 945 = o*i. Calculate the remainder when i is divided by j.
52
Suppose -3*f + 15 = 0, 5*t + 220*f = 217*f + 285. What is the remainder when t is divided by 47?
7
Let h be 1/(119/(-63) + 2). Suppose -b + 290 = 2*c, -h*b + 2*c = -7*b - 592. Calculate the remainder when b is divided by 59.
58
Suppose -2*d + 84 = 24. Suppose -33*o + d*o = -6. Suppose 52 = o*w + 2*w. Calculate the remainder when w is divided by 3.
1
Suppose 2*j + 2634 = 10*o - 6*o, 4*o - 2669 = -5*j. What is the remainder when o is divided by 141?
97
Suppose 0 = -2*k + 23 - 19. Let v(m) = -2*m + 86. What is the remainder when v(k) is divided by (-9)/(-2)*14/3?
19
Suppose 896*v - 895*v - 156 = -3*z, -4*z - 4*v = -192. Calculate the remainder when z is divided by 19.
16
Let v(l) = -2*l**3 + 4*l**2 + 10*l - 18. Let j be v(4). What is the remainder when 87 is divided by (-1232)/j + (-5)/(-3)?
25
Suppose 297*l - 1384815 = -181*l + 2550559. What is the remainder when l is divided by 15?
13
Suppose 2*z - l - 81 = 0, 4*l = 5*z - 161 - 37. Suppose -4*v - 2*i - 5 = 1, 0 = 5*v + 5*i. What is the remainder when z is divided by -2 + (-19)/(-3) + 1/v?
2
Let b = 67 + 19. Suppose 0 = 8*o - 11*o + 15. Suppose -4*v - u = -88, 0 = o*v - 0*u + 5*u - 110. Calculate the remainder when b is divided by v.
20
Let w = -27 - -26. Let i be w/2 + ((-675)/6)/(-3). Suppose 0 = 5*c - 217 + i. Calculate the remainder when c is divided by 10.
6
Suppose 40 = 17*b - 62. Suppose -b*o - 7*o + 1378 = 0. What is the remainder when o is divided by 27?
25
What is the remainder when 1 + 280 + (-303 - -295) is divided by 267?
6
Suppose 2*m = -6, p - 3*m + 4*m = 433. Calculate the remainder when p is divided by 45 + 16*77/(-44).
11
Let s(q) = -3*q + 2. Let n be (1 - (-9)/(-7)) + (-912)/42. Calculate the remainder when s(n) is divided by 19.
11
Let i = -2827 - -2952. Calculate the remainder when 374 is divided by i.
124
Suppose 22 = s + 22. Suppose -4*r - 5*i + 20 = -0*i, s = -2*r - 4*i + 4. Suppose 0 = 3*v - 19 + r. What is the remainder when 5 is divided by v?
2
Let b = -202 - -207. Suppose o - 5 = t - b*t, -3*o = -4*t - 79. What is the remainder when 185 is divided by o?
17
Suppose -6105 + 5316 = -3*z. Suppose 2*g - 4*g + 24 = 0. What is the remainder when z is divided by g?
11
Let o = 347 - 125. Calculate the remainder when (6 - 10)/((-8)/o) is divided by 30.
21
Let c(b) = -84*b - 1001. What is the remainder when 29602 is divided by c(-12)?
6
Let x = -11017 - -11068. Calculate the remainder when 13103 is divided by x.
47
Suppose -167 - 21 = -2*o. Calculate the remainder when o is divided by 22.
6
Let z(o) = o**3 + 4*o**2 - 2*o + 6. Let d be z(-5). Let i = 1929 - 1965. What is the remainder when (-4)/i*3 + (-699)/d is divided by 10?
8
Suppose 5*l + 2*t - 5*t - 67 = 0, -l + 2*t = -19. Suppose 4*v - l*v = -42. Let j = 20 + -10. What is the remainder when j is divided by v?
4
What is the remainder when 785 is divided by 9356/24 + 60/(-72)?
7
Let r(q) = -q**3 + 22*q**2 - 67*q - 58. Suppose -53*f + f + 936 = 0. What is the remainder when 64 is divided by r(f)?
0
Suppose 31*d = -41*d + 1800. Let c(x) = -12*x**3 + 4*x**2 + 5*x + 4. Calculate the remainder when c(-3) is divided by d.
24
Let t be -4 + 5/10*138. Suppose -9*y + 142 = -t. What is the remainder when 116 is divided by y?
1
Let u(m) = 16*m - 2. Let v(d) = -30*d + 3. Let h(r) = -5*u(r) - 2*v(r). Calculate the remainder when 78 is divided by h(-2).
34
Suppose 4*t + 3*w = 36, 0 = -t - 2*w + 14 - 0. Suppose 743*n = 738*n + 180. Suppose 269 = n*l - 523. Calculate the remainder when l is divided by t.
4
Suppose 0 = 2*d + 5*a - 1257, -18*a = -4*d - 19*a + 2577. What is the remainder when d is divided by 27?
25
Let k = 84 - -2. Suppose 3*y - 50 = 2*r, 2*r + 32 = -2*y + 4*y. What is the remainder when k is divided by y?
14
What is the remainder when 285 is divided by (-6)/(-7)*14168/132?
9
Suppose -4*l = -j + 464, 0*l - 2*j - 107 = l. Let k be l/45*5 - 2/9. Let g = k + 37. Calculate the remainder when 44 is divided by g.
20
Let j(l) = -96*l**2 - 102*l**2 + 294*l**2 + 13*l - 95*l**2 - l + 29. Let m = 18 - 35. Calculate the remainder when j(m) is divided by 30.
24
Let n = 6576 + -6419. Calculate the remainder when n is divided by 156.
1
Let u(c) be the first derivative of c**3/3 + 3*c**2 - 17*c + 49. Calculate the remainder when u(-9) is divided by 3.
1
Suppose 5*f = -5*k + 114 + 81, 3*f + 73 = 2*k. Calculate the remainder when 606 is divided by k.
36
Let h(k) = -25*k - 268. Let g be h(-11). Suppose -3*s = 2*p - 12, 5*p - 2*s - 75 = -g. What is the remainder when 42/(-18)*-10*3 is divided by p?
10
Let t(g) = 23*g - 243. Let o be t(11). Let j(k) = k + 2. Let u be j(9). Suppose -u*q = -o*q - 71. What is the remainder when q is divided by 15?
11
Suppose 0 = -2*y - r - 97 + 285, -5*y - 5*r + 480 = 0. Calculate the remainder when 363 is divided by y.
87
Let i(u) = -u**3 + 2*u**2 - 6*u + 838. Calculate the remainder when i(0) is divided by 271.
25
Let k(j) be the second derivative of 3*j**3/2 + 23*j**2/2 - 107*j. What is the remainder when 540 is divided by k(5)?
64
Suppose 5 = 2*b - 5. Let o(h) = 10*h**2 + 439*h - 44. Let g be o(-44). Suppose g*n + 1 = n, -y = -5*n - b. What is the remainder when 45 is divided by y?
5
Calculate the remainder when (-1484)/49*2/(8/(-28)) is divided by 102.
8
Suppose -3*y + 237 = 18. Let t = y - 38. What is the remainder when 99 is divided by t?
29
Let v = -7656 - -7685. Calculate the remainder when 63 is divided by v.
5
Calculate the remainder when 2773 is divided by ((-990)/(-99) - (-1 - -15))/(2/(-73)).
145
Let b(h) = 35 - 2 + 8*h + 11*h + 61 + 16. Calculate the remainder when 118 is divided by b(-5).
13
What is the remainder when 567 is divided by (-45468)/(-828) + 4/46 - -4?
36
Suppose -26*p + 4*n = -22*p - 28, 5*p - n = 19. Suppose 4*g - 54 = 5*z, 68 = 4*g + p*z - z. What is the remainder when 62 is divided by g?
14
Suppose -2*b - 3*b = -240. Suppose 10*w = 2*w - b. Let s(l) = -24*l + 51. Calculate the remainder when s(w) is divided by 22.
19
Suppose -18*h - 24 = -330. What is the remainder when 148 + ((-4)/(-4))/1 is divided by h?
13
Let c = 2 - 2. Let t(v) = -11*v**2 + 130*v + 32. Let w be t(12). Suppose 9*g - w*g - 13 = c. What is the remainder when 61 is divided by g?
9
Calculate the remainder when 1391 is divided by (-3 - (-31 - -25))/(3/35).
26
Let i(w) = 15*w**3 + 2*w**2 - 2*w + 1. Let z be i(1). Suppose -2*q + q - 5 = 0. Let c = z + q. What is the remainder when c is divided by 7?
4
Suppose -2*x = -4*t + 118, 287*x - 285*x = 2*t - 58. Calculate the remainder when 778 is divided by t.
28
Let c = -3 + 8. Suppose c*d + 4*o - 281 = 0, 3*o + 201 = 4*d - 30. Let a = -8279 - -8291. What is the remainder when d is divided by a?
9
Suppose 0 = g - 5*s - 29, -g - 8*s = -3*s + 21. Suppose 4*p - 103 = 3*k, g*k + 128 = 2*p + 3*p. What is the remainder when 71 is divided by p?
15
Suppose -3*a = -4*j + 24, -3*j - 2*a + 30 = 2*j. What is the remainder when ((-1050)/180)/((-3)/36) is divided by (-222)/(-4)*j/9?
33
Suppose -60*d - 540 = -65*d. Suppose d = 8*q - 2*q. Let a = 20 + 29. What is the remainder when a is divided by q?
13
Let s(m) = 30*m - 12. Calculate the remainder when 1433 is divided by s(1).
11
Let z(k) = k**3 + 12*k**2 + 25*k + 19. Let a = -396 + 390. What is the remainder when z(a) is divided by 29?
27
Let o(k) = 26 - 22*k - k**3 - 2 - 29*k**2 - 32*k. Calculate the remainder when 41 is divided by o(-27).
17
Let d be (1/7 - 348/84) + 75. Let w = 93 - d. Calculate the remainder when w is divided by 5.
2
Let a = -91 + 163. Calculate the remainder when ((-1)/(-2))/((-3)/(-468)) is divided by (-33)/(-4) + (-18)/a.
6
Calculate the remainder when 10079 is divided by -16 + 37 + (9 - -10).
39
Suppose 2*g - 2 = -0*g, -f - 9 = -4*g. Let n = -197 + 243. Calculate the remainder when n is divided by (-17)/(-1) - (-15)/f.
4
Suppose 4*w = 2*w + 32. Suppose 44215 = 202*x - 17*x. Calculate the remainder when x is divided by w.
15
Let l = 3268 - 2013. Suppose -5*h + l = 5*x - 25, 3*x = 3*h - 798. Suppose 4*t = 20, -348*t = k - 346*t - 76. What is the remainder when h is divided by k?
63
Suppose -8 - 84 = -4*r. Suppose 4*n - 38 + 14 = 0. Suppose 